emainder when 551 is divided by 92?
91
Calculate the remainder when 728 is divided by 30.
8
Calculate the remainder when 234 is divided by 134.
100
What is the remainder when 666 is divided by 23?
22
What is the remainder when 1912 is divided by 310?
52
Calculate the remainder when 1022 is divided by 320.
62
What is the remainder when 232 is divided by 28?
8
What is the remainder when 308 is divided by 79?
71
What is the remainder when 78 is divided by 27?
24
Calculate the remainder when 2127 is divided by 528.
15
Calculate the remainder when 147 is divided by 76.
71
Calculate the remainder when 526 is divided by 22.
20
Calculate the remainder when 959 is divided by 96.
95
Calculate the remainder when 1518 is divided by 378.
6
Calculate the remainder when 431 is divided by 8.
7
Calculate the remainder when 319 is divided by 64.
63
What is the remainder when 376 is divided by 126?
124
What is the remainder when 5815 is divided by 969?
1
What is the remainder when 39 is divided by 4?
3
Calculate the remainder when 473 is divided by 64.
25
Calculate the remainder when 4597 is divided by 121.
120
Calculate the remainder when 307 is divided by 28.
27
What is the remainder when 1229 is divided by 174?
11
What is the remainder when 1110 is divided by 249?
114
Calculate the remainder when 120 is divided by 63.
57
What is the remainder when 364 is divided by 48?
28
Calculate the remainder when 2150 is divided by 267.
14
What is the remainder when 592 is divided by 170?
82
Calculate the remainder when 125 is divided by 63.
62
What is the remainder when 38 is divided by 10?
8
What is the remainder when 534 is divided by 524?
10
What is the remainder when 59 is divided by 18?
5
Calculate the remainder when 122 is divided by 31.
29
What is the remainder when 670 is divided by 145?
90
Calculate the remainder when 13 is divided by 12.
1
Calculate the remainder when 682 is divided by 124.
62
Calculate the remainder when 155 is divided by 59.
37
What is the remainder when 1533 is divided by 96?
93
What is the remainder when 499 is divided by 98?
9
What is the remainder when 81 is divided by 2?
1
Calculate the remainder when 1844 is divided by 53.
42
Calculate the remainder when 218 is divided by 44.
42
Calculate the remainder when 483 is divided by 98.
91
What is the remainder when 15341 is divided by 341?
337
Calculate the remainder when 1415 is divided by 24.
23
What is the remainder when 1162 is divided by 6?
4
What is the remainder when 472 is divided by 37?
28
Calculate the remainder when 1910 is divided by 71.
64
Calculate the remainder when 666 is divided by 61.
56
Calculate the remainder when 49 is divided by 42.
7
What is the remainder when 206 is divided by 43?
34
What is the remainder when 181 is divided by 14?
13
What is the remainder when 392 is divided by 99?
95
Calculate the remainder when 542 is divided by 62.
46
Calculate the remainder when 86 is divided by 23.
17
What is the remainder when 727 is divided by 186?
169
What is the remainder when 164 is divided by 42?
38
What is the remainder when 158 is divided by 6?
2
Calculate the remainder when 1023 is divided by 66.
33
What is the remainder when 1615 is divided by 21?
19
What is the remainder when 228 is divided by 73?
9
What is the remainder when 851 is divided by 71?
70
Calculate the remainder when 860 is divided by 62.
54
Calculate the remainder when 986 is divided by 43.
40
What is the remainder when 134 is divided by 34?
32
Calculate the remainder when 160 is divided by 141.
19
What is the remainder when 786 is divided by 260?
6
What is the remainder when 386 is divided by 28?
22
What is the remainder when 3553 is divided by 45?
43
What is the remainder when 337 is divided by 68?
65
What is the remainder when 493 is divided by 51?
34
What is the remainder when 341 is divided by 49?
47
What is the remainder when 655 is divided by 7?
4
Calculate the remainder when 642 is divided by 35.
12
Calculate the remainder when 717 is divided by 25.
17
Calculate the remainder when 736 is divided by 183.
4
Calculate the remainder when 79 is divided by 26.
1
What is the remainder when 359 is divided by 35?
9
What is the remainder when 395 is divided by 20?
15
What is the remainder when 1977 is divided by 935?
107
What is the remainder when 92 is divided by 24?
20
What is the remainder when 111 is divided by 29?
24
What is the remainder when 1420 is divided by 466?
22
What is the remainder when 154 is divided by 30?
4
Calculate the remainder when 583 is divided by 65.
63
What is the remainder when 4922 is divided by 34?
26
What is the remainder when 392 is divided by 57?
50
What is the remainder when 4433 is divided by 222?
215
Calculate the remainder when 116 is divided by 47.
22
What is the remainder when 327 is divided by 30?
27
Calculate the remainder when 5316 is divided by 133.
129
What is the remainder when 221 is divided by 74?
73
What is the remainder when 604 is divided by 36?
28
What is the remainder when 499 is divided by 72?
67
Calculate the remainder when 2063 is divided by 6.
5
Calculate the remainder when 307 is divided by 28.
27
What is the remainder when 3399 is divided by 126?
123
Calculate the remainder when 120 is divided by 107.
13
Calculate the remainder when 91 is divided by 50.
41
Calculate the remainder when 479 is divided by 8.
7
What is the remainder when 277 is divided by 95?
87
Calculate the remainder when 4729 is divided by 11.
10
What is the remainder when 472 is divided by 37?
28
What is the remainder when 728 is divided by 17?
14
What is the remainder when 3156 is divided by 1052?
0
What is the remainder when 324 is divided by 113?
98
Calculate the remainder when 112 is divided by 35.
7
What is the remainder when 481 is divided by 7?
5
Calculate the remainder when 146 is divided by 21.
20
Calculate the remainder when 786 is divided by 159.
150
What is the remainder when 143 is divided by 38?
29
Calculate the remainder when 248 is divided by 91.
66
What is the remainder when 63 is divided by 18?
9
What is the remainder when 29 is divided by 28?
1
What is the remainder when 4072 is divided by 291?
289
Calculate the remainder when 246 is divided by 84.
78
Calculate the remainder when 185 is divided by 6.
5
What is the remainder when 73 is divided by 7?
3
Calculate the remainder when 131 is divided by 6.
5
Calculate the remainder when 319 is divided by 54.
49
What is the remainder when 47 is divided by 7?
5
Calculate the remainder when 26 is divided by 4.
2
Calculate the remainder when 208 is divided by 10.
8
Calculate the remainder when 74 is divided by 69.
5
What is the remainder when 432 is divided by 237?
195
What is the remainder when 113 is divided by 2?
1
Calculate the remainder when 108 is divided by 19.
13
Calculate the remainder when 217 is divided by 110.
107
Calculate the remainder when 169 is divided by 136.
33
Calculate the remainder when 53 is divided by 8.
5
What is the remainder when 309 is divided by 120?
69
Calculate the remainder when 34 is divided by 18.
16
What is the remainder when 158 is divided by 31?
3
Calculate the remainder when 266 is divided by 17.
11
Calculate the remainder when 239 is divided by 48.
47
Calculate the remainder when 89 is divided by 38.
13
What is the remainder when 397 is divided by 100?
97
What is the remainder when 1542 is divided by 47?
38
What is the remainder when 988 is divided by 18?
16
What is the remainder when 597 is divided by 23?
22
What is the remainder when 570 is divided by 52?
50
Calculate the remainder when 117 is divided by 36.
9
Calculate the remainder when 215 is divided by 22.
17
Calculate the remainder when 2109 is divided by 64.
61
What is the remainder when 22 is divided by 7?
1
Calculate the remainder when 941 is divided by 52.
5
What is the remainder when 355 is divided by 51?
49
What is the remainder when 32 is divided by 7?
4
Calculate the remainder when 131 is divided by 33.
32
Calculate the remainder when 843 is divided by 64.
11
What is the remainder when 286 is divided by 29?
25
Calculate the remainder when 279 is divided by 59.
43
What is the remainder when 790 is divided by 12?
10
Calculate the remainder when 953 is divided by 29.
25
Calculate the remainder when 77 is divided by 31.
15
W